 + -7 + 36 + -27 - 8 - -23.
14
4 - (-10 - (1 - 7 - 17))
-9
Calculate 4 - ((-15 - -2) + 3 + 28).
-14
What is 759 + -773 - (1 + -2 - -6)?
-19
What is (6 - 21) + 2 + (54 - 58)?
-17
What is the value of 15 + (-19 - (-17 - 0))?
13
Calculate 7 - -1 - (9 - 1) - -1.
1
What is the value of (-21 - (4 - 24)) + 7?
6
Calculate 0 - -8 - ((9 - 20) + 9).
10
What is the value of 17 + -2 + 3 - (79 - 77)?
16
Calculate (-2 - (-11 + -14 + 7 + 0)) + -8.
8
What is (4 - 4) + -26 + 13 + 14?
1
Calculate -6 + 3 + 1 + -6.
-8
Evaluate (-6 - -1) + 77 + -45 - -4 - 7.
24
What is 9 + 5 + (9 - -2) + -13?
12
Calculate 19 - 12 - (13 - -21).
-27
What is 56 + -100 + 41 - (-12 + 1)?
8
Evaluate 2 + -15 - (-1 + -4 + 4) - -2.
-10
-37 - (-66 - (-58 - -38))
9
501 + -522 - (0 - 2)
-19
-8 - (2 + (48 - 58) + 3 + -1)
-2
Calculate 1 + -5 + -10 + 2 + 18 + 2.
8
What is the value of -15 + (21 - (28 + -18))?
-4
What is 4 + (-41 - (-12 + 6)) + 8?
-23
Calculate (43 - 33 - 36) + 7.
-19
What is the value of 4 + (-4 - -12 - (38 - 41))?
15
Evaluate -4 + 0 + 0 + 1 + -7 + 6.
-4
What is the value of (-7 - 13) + 11 + 22 + 1?
14
Evaluate -9 - (122 + -114 + (-10 - 1) + -1).
-5
What is (-3 - (2 - -12) - -10) + -4?
-11
Calculate -27 + -42 + (34 - -46).
11
What is 16 + -13 - 1 - (-1 + 20) - 4?
-21
-1 - (-18 + (-9 - -14)) - 3
9
What is 2 + -21 + 26 - (1 - 1) - -12?
19
(1 - 1) + 0 + 2 + -17
-15
Evaluate 29 - (8 - (5 + -29)).
-3
Calculate 7 - (15 - 8) - (-16 + 17).
-1
Evaluate -6 + 4 + (-21 - (-5 - -5 - 6)).
-17
What is the value of 22 - (48 - (19 - 9))?
-16
Evaluate 5 + (13 - (-5 + 4 - 6 - -1)).
24
Calculate -8 - (-12 + 0 + 18).
-14
-2 - -1 - (-33 - (-36 + 31))
27
What is the value of -3 + 1 + -1 + (-5 - -13)?
5
Calculate -180 + 160 + (0 - (-6 - 2)).
-12
Calculate 2 - (-18 - -11 - 5).
14
(-10 - (12 - (35 + -19))) + (-1 - -31)
24
What is 0 + -4 + 7 + 6 + -11 + 35?
33
Evaluate (-296 - -268) + 45 + -2.
15
Evaluate 8 - (-4 - 1) - (4 + 1) - 4.
4
Evaluate -36 + (104 + -114 - (1 - 22)).
-25
Evaluate (-10 - -13) + -1 - 13.
-11
Calculate -8 + (4 - -9) + 0 - -10.
15
Calculate 0 + 5 - 1 - 2 - (1968 - 1973).
7
-6 + (9 - 5) - -13
11
Calculate -19 - (18 + -10 + -17 - -9).
-19
Evaluate -15 + 4 + -9 + 2 + (1 - -3).
-14
5 - (14 + -18 - 1)
10
Evaluate -40 + 90 + -41 + -40.
-31
-39 + (1 - -4 - -5)
-29
Evaluate (12 - (13 - 12)) + -5.
6
Calculate 2 + (-11 - (-15 + 8)).
-2
What is (-13 - -7) + -8 - (-14 + -23)?
23
What is the value of 2 + 5 + -4 + (32 - 29) + 18?
24
Calculate -4 + 2 - (15 + (-12 - 23)).
18
Calculate (-4 - -1) + 24 + -28.
-7
Evaluate 11 - (-8 + (20 - 15)).
14
What is 8 + (17 - 23) - 15?
-13
Evaluate (-8 - -3 - 0) + 0 + -3.
-8
What is the value of 1 + 3 - (425 - 395)?
-26
What is the value of -7 - ((3 - 10) + (0 - -8))?
-8
What is -3 + (13 - (-19 + 4 + -3))?
28
Evaluate 12 + -2 + -33 + 3 + 4.
-16
What is the value of (2 - 2) + -11 + (-38 - -30 - 0)?
-19
Calculate -141 + 160 + (2 - 16).
5
1463 + -1455 - (-1 + -5 - 1)
15
What is the value of 0 + -1 + (19 + -12 - 4)?
2
(0 + 3 - (-4 - 10)) + 0
17
(2 - -5) + (1 + -8 - -11)
11
Calculate 7 + 6 + -3 + -3 - -5.
12
Calculate (9 - 24) + -3 - -8.
-10
Calculate -16 + -5 - (1 - 10) - -4.
-8
What is the value of 34 + -60 + 24 - 10?
-12
Calculate (2 - -4) + 5 + -4 - 2.
5
Evaluate 25 + (14 + -50 - -1).
-10
What is -422 + 416 - (0 + -1 + 19)?
-24
What is 6 - (27 - (-11 - -26))?
-6
What is (-4 - (-15 + 17)) + (-3 + 7 - -5)?
3
Evaluate 110 + -133 - (-46 - 1).
24
What is the value of 26 + -3 - (-4 + 46)?
-19
-11 + (4 - -13) - (0 + 8)
-2
What is 0 - (-15 + -1 + -1 - (28 - 32))?
13
-25 + 23 + -7 + -2
-11
What is the value of 310 + -306 - (1 + -1 + 18 + 2)?
-16
(26 - -11) + -12 - 9
16
Evaluate 26 + -11 + 5 + (-11 - -1).
10
What is the value of -2 - (479 - 459 - (0 + 8))?
-14
What is 157 + -158 - (1 + -19)?
17
-11 - (-13 + -3 - -14)
-9
Calculate 10 - (-6 - (6 - 13) - 11).
20
What is 2 - (9 - (11 - (7 - 5)))?
2
What is 9 + (-2 - (3 + -2 + 13 + -7))?
0
6 + (8 - (-8 + (17 - 1)))
6
What is the value of (-12 - 24) + 7 - -49?
20
Evaluate -1 - 2 - (15 - 19).
1
What is -16 - (187 - 239 - (2 + -11))?
27
What is the value of -54 - -53 - (-1 - -2) - 1 - 6?
-9
What is the value of -1 + (41 - (-18 + 93))?
-35
What is 19 - ((26 - 9) + 5)?
-3
9 + 10 + -36 + (1 - -41)
25
What is (1 - 61) + 690 + -654?
-24
What is the value of 10 + -16 + (-6 - (-6 + -6))?
0
Evaluate 21 + (-9 - (-14 + 2)).
24
Calculate 4 + -2 - -12 - (44 - 45).
15
4 - ((56 - 43) + (2 - 11) + 9)
-9
8 + 11 + -14 + 5 + 1
11
What is 14 + -1 + -2 + (5 - (-2 - -6))?
12
Evaluate 3 + -6 + 1 + 9 + -2.
5
Calculate (-21 - 1) + (21 - (16 - 4)).
-13
What is the value of 0 + -19 - (21 + (-16 - 15))?
-9
What is 1 - (-4 - -1) - (-12 - (-7 - -5))?
14
Calculate 0 + (6 - 10) + (-1 - -6) + 0.
1
Evaluate -9 - -3 - (-8 - (-3 + -10)).
-11
What is the value of -2 + (8 - -2 - 9) + 15?
14
What is -34 + (12 - 12 - (3 - 12))?
-25
What is the value of -2529 + 2511 - (-1 - (2 - 1) - -9)?
-25
What is -36 + 32 + 15 - 17?
-6
What is the value of 1 + -19 - (-3180 - -3180)?
-18
Evaluate 5 - (-19 + 30 + 12).
-18
Calculate -3 + (-31 - -22 - -18).
6
What is -37 + (1 - -7 - -22)?
-7
What is the value of 9 + 7 + 2 + 0 - 2?
16
What is the value of -2 - -3 - 2 - (-24 - -32)?
-9
0 - 0 - (-13 + 42)
-29
Evaluate (-19 - 13) + 3 + 17.
-12
What is 0 + 22 - ((-17 - (9 - 18)) + 14)?
16
-12 - (-1 - 4) - (-21 + 4)
10
What is (-1 - (-1 + -4)) + (6 + 2 - 6)?
6
What is the value of 12 + 3 + (-22 - (-7 - 16))?
16
What is the value of -1 - ((-18 - 11) + 18)?
10
Calculate 6 + -3 - -1 - (-29 - -33).
0
What is 7 + 0 + (93 - 100)?
0
-37 + 8 + (3 - (-23 - -13))
-16
Evaluate -4 + 2 - (-12 + 0 + 0).
10
What is -5 + (-3 - (-7 - -4 - (6 + 4)))?
5
Evaluate -13 + 0 + (12 - 3) + 5.
1
Evaluate 4 + (1 + -5 - 4) - 5.
-9
Calculate 127 - 149 - (3 + -34).
9
Calculate 4 - (1 + 5 + (2 - 2)).
-2
(13 - -7) + -21 + (1 - -35) + 0
35
Calculate 7 - (0 + 13) - (4 + -10).
0
Calculate (-7 - -1) + 0 + 2 + -9 + 0.
-13
What is the value of (-3 - 6) + -1 + -1 - -10?
-1
What is the value of -2 + 16 + -11 + 20?
23
0 + (29 + -14 - 10)
5
Calculate -2 + 0 + 6 - (8 - 16 - 0).
12
Evaluate -35 + -9 + -3 - -23.
-24
Evaluate 15 + 0 + (-679 - -673).
9
-4 - (-13 + (27 - 11) - (1 - -1))
-5
What is (15 - 6 - 16) + (1 - -1) - -2?
-3
-82 - -91 - (-1 + 9) - (-5 - 0)
6
7 - (-9 + 10 + -3 - -6)
3
(6 + 0 - -13) + -135 + 145
29
Evaluate 0 + 0 + 7 + (1 - -6 - 27).
-13
Evaluate (1 - 0) + 4 + 15 + -10.
10
14 + -3 + (10 - 15) - 14
-8
-14 + -13 + 2 + 20 + -8
-13
What is the value of -8 + 4 - 3 - -2?
-5
What is the value of -23 + 11 + 0 + (8 - 15)?
-19
Evaluate (-37 + 6 - -1) + 47.
17
What is the value of 19 + -23 + (0 - (4 + -1))?
-7
Calculate 3 + -16 - (-86 + 89).
-16
Calculate (-1 - -9) + (-28 - (-52 + 35)).
-3
What is 6 - (2 - -2) - (10 - 17)?
9
What is 45 + -16 + -33 - (2 - 1 - 15)?
10
What is the value of -16 + (26 - 15) + (0 - 2 - 4)?
-11
What is the value of 1 + (-2 + 1 + -1 - (829 + -838))?
8
Evaluate -19 + 12 + 20 + (1 - 0).
14
(6 - 6) + (-8 - -1) + -37 + 36
-8
-21 + (25 - 20) - (2 - 8)
-10
Evaluate (24 - (17 + 4)) + -2 + 1 - -8.
10
(-5 - 4) + (-1 + 4 - (16 + -5))
-17
What is 24 + 9 + (-13 - 10)?
10
What is the value of -13 + 8 + -3 + -2?
-10
Evaluate (-4 - (-10 - 3) - -1) + -25.
-15
Calculate ((5 - 8) + -5 - 2) + 19.
9
Calculate (-54 - -69 - (-1 + -4)) + -7.
13
(12 - 3) + (-4 - -18 - 17)
6
Calculate 18 - ((0 - 0) + -23 + 38 + -12).
15
-3 + (-11 - (-17 + 8)) - 16
-21
14 + (-49 - -13) + (-2 - (-7 + 3))
-20
What is 2 - (-12 + 14) - (14 - 4)?
-10
9 + -4 - (-33 - -25)
13
What is 10 + -6 + 1 - 12?
-7
What is -32 - (22 + -38) - (-8 + -3 + 5)?
-10
Evaluate (11 - (7 - 4)) + 2 + 10 + -8.
12
What is the value of (12 - (1 - (0 - -1))) + (-178 - -180)?
14
What is the value of -40 + 42 + (-3 + 0 - -2) + -10?
-9
What is (3 - ((-5 - 4) + 3)) + -1 + 2?
10
-3 + 13 - (17 + 3)
-10
Calculate 46 + 4 - (24 + (-1 - 9)).
36
-161 - -153 - (3 + (7 - 1))
-17
-2 + 6 + (5 - ((-5 - -7) + 2))
5
Evaluate (63 - 59) + (-1 - 1) + 7.
9
What is -9 - -4 - (-1 - 2 - (-11 - -29))?
16
Calculate 8 + 1 + (-82 - -84).
11
What is 27 - (-7 - -18) - 34 - -1?
-17
Calculate (-1 - 31 - (-24 + 28)) + (3 - 1).
-34
Evaluate 0 + 5 - (-68 + 63) - 20.
-10
0 + -2 - (-20 + 28) - -1
-9
What is 0 + (-4 - -3 - (1 - (-4 - -3)))?
-3
What is 5 + ((4 - -9) + -3 - 9)?
6
What is the value of -18 + -16 + (-25 - 